(-91) + 13 + 9/39*9. Suppose -w*f = -k*z + 1293, -f + 0*f = 2*z - 1299. Is z prime?
False
Suppose 312 = 25*p + 12. Is (-846)/p*1*298/(-3) a composite number?
True
Suppose 3*k = -5*k + 34792. Let h = k + -2346. Is h prime?
True
Let j(c) = -5274*c - 143. Let l be j(-11). Suppose -7*a = 4*a - l. Is a a composite number?
False
Is 306131 + (1190/70 - (10 + (0 - 1))) a composite number?
False
Let y(w) = 2*w**2 + 31*w + 151. Let p be y(-14). Suppose -3755 = 104*u - p*u. Is u a prime number?
True
Suppose 39*a = 4*a + 175. Suppose 0 = -5*m - 4*i + 52131, 3*m + 0*m = -a*i + 31276. Is m composite?
False
Let k(d) = 3*d**2 + 163*d - 140. Let r be k(-54). Suppose 0 = 4*n - 925 - 487. Let b = r + n. Is b a composite number?
True
Suppose -24 = -14*x + 22*x. Let q be (x - -10469) + -2 - -3. Suppose q = -2*m + 11*m. Is m a composite number?
False
Let q(u) = 29*u**2 + 2 - 3 - 313*u + 310*u - 55*u**2 + 29*u**2. Let m = 12 - 8. Is q(m) composite?
True
Let q(c) = 121*c**3 + 14*c**2 - 15*c - 67. Is q(9) prime?
False
Let u = -266 + 618. Suppose -63*f = -61*f - u. Suppose -r + 5*q = -1859 + f, 4*q + 1685 = r. Is r prime?
True
Is 82797/88 - 45/24 a composite number?
True
Suppose 3*l - 6*l + 5278109 = 20*l. Is l composite?
True
Suppose 54412 = -13*p + 11*p. Let m = 38101 + p. Is m prime?
False
Suppose 13 = 3*z - 4*m, 4*z = -z - m + 14. Suppose -z*d - 1 + 6 = -5*r, 0 = -d - 3*r - 3. Suppose d = 3*f - 7*f + 15020. Is f a prime number?
False
Suppose -3830141 = -5*i + 3*x, 2*x = 22 - 26. Is i a prime number?
False
Suppose 4*j - 2*n = 0, j + 2 + 16 = 5*n. Suppose 0 = 3*c + 15, -j*c - 27762 = 2*i - 4*c. Is i/(-12) - (-3)/(-18) composite?
True
Let i(u) = 714*u**2 - 132*u - 667. Is i(-5) prime?
False
Suppose -136*b + 133*b = 60. Let w(u) = 10*u**2 + 9*u + 61. Is w(b) composite?
False
Suppose -9*g = -24*g + 30. Let v(f) = -2*f + 1. Let h be v(-1). Suppose -g*i + h*i - 371 = 0. Is i prime?
False
Let w(o) = 22*o**2 + 5*o + 3. Suppose -x + 0 = -z + 1, z - 7 = -2*x. Suppose -17 = 5*s + z. Is w(s) composite?
True
Suppose -5*c - 1 = -2*k, 0*k - 19 = -4*c - 5*k. Let h = -1 - c. Is (2/6)/(h/(-11658)) + 2 a prime number?
False
Let z be 41/(-5) + 13/65. Is (252/z + -4)*-48 + 2 a composite number?
True
Is -3222621*((-323)/57)/17 composite?
True
Let k = -14 + 24. Suppose -4*z = 5*p - k*p + 12127, -7273 = -3*p + 4*z. Is p a composite number?
True
Let t(w) = 6*w + 3*w**2 - 11*w**3 + 3 - 7*w + 0*w**3 - 14*w**3. Let i(s) = -s**3 + s**2 + 1. Let r(h) = -2*i(h) + t(h). Is r(-2) prime?
True
Suppose 2*b + 14 + 34 = -5*t, -5*t + 120 = -5*b. Let h = -30 - b. Is ((-4)/h)/(4/762) composite?
False
Is -14 - (-13 + -113267) - -15 a prime number?
False
Is (-6)/(-27) - 13905580/(-468) composite?
True
Let m = 3 + 10. Let n(u) = 6 - 29 + m + 89*u. Is n(3) a prime number?
True
Suppose -81*y = -77*y - 3*g - 51554, 5*g = y - 12863. Is y prime?
True
Suppose -5*g = 5*y - 7530, 2*g + 2328 + 5195 = 5*y. Let a = y - -2664. Is a a composite number?
True
Let x(a) = -21493*a**3 + 22*a**2 + 16*a + 1. Is x(-2) a prime number?
True
Suppose -700 = 3*m + u, -13*m + 5*u = -8*m + 1160. Let h(d) = -4*d**3 - d**2 - 5*d + 8. Let i be h(-8). Let o = m + i. Is o a prime number?
False
Let k(q) be the second derivative of -7/2*q**2 - 5/12*q**4 + 0 + 12*q + 5/6*q**3 + 2/5*q**5. Is k(4) a composite number?
True
Let z = -222696 - -487481. Is z prime?
False
Suppose s = -j + 8, 32 = 4*s - 2*j - j. Suppose -8 = -s*y + 16. Suppose 4*n + y*r - r - 1216 = 0, -907 = -3*n - 4*r. Is n a composite number?
True
Let c be -4 - ((-174544)/(-24) - 1/(-3)). Let i = -4114 - c. Is i prime?
True
Let m = -78 - -269. Suppose 0 = o - c - 181, -10*o - m = -11*o - 4*c. Suppose 0 = -y - z + 1648, 3491 - o = 2*y - 2*z. Is y composite?
True
Suppose -70*q + 3408447 = -4*q - 4842675. Is q composite?
False
Suppose 2*n - m - 140676 + 16624 = 0, -3*n = -4*m - 186078. Is n a prime number?
False
Let j = 262176 + -165595. Is j composite?
False
Let m = 145 - 143. Is m/(-2) + 8 + (3 - -24019) prime?
True
Let t = -24 - -17. Let v(a) = 229*a**2 + 3*a + 7. Is v(t) prime?
False
Let v = 44463 + -8204. Suppose -25*t + 214034 = v. Is t a composite number?
True
Suppose 0*l - l - 2 = 0, 2*l + 4 = 3*t. Suppose 4*f - f - 1671 = -3*w, t = -5*f - 2*w + 2773. Is f a prime number?
False
Let k = -4 + 6. Suppose 0 = -4*y - k*y + 12. Suppose 2*b = p + y*p + 400, 3*b - 3*p = 594. Is b prime?
False
Let t(p) = -2*p + 11. Let j be (18/(-12))/((-9)/24). Let z be t(j). Suppose -88 = -l - d, -z*l + 2*l - 5*d = -96. Is l a composite number?
True
Let m = -182102 - -456591. Is m a prime number?
True
Suppose 4*q - 5 - 3 = 0. Suppose l + 3*j - 14971 = 0, q*l - 4*j + 10785 = 40747. Is l composite?
True
Suppose 0 = -3*d + 2*f + 9, -d - 22 = -3*d - 4*f. Suppose j = -2*l + d*l - 2, -3*j + 9 = -4*l. Suppose -4*t = 2*g - j*g + 810, 5*t = 25. Is g composite?
True
Suppose 0 = -3*p - 55 + 55. Suppose p = -12*o + 8*o + 1916. Is o a prime number?
True
Suppose -22*n + 23*n = 1. Suppose 0 = -3*y - 4*u + 23, -2*u + 23 + n = 4*y. Suppose 3*f - y*k + 2*k = 69, 17 = f - 4*k. Is f a prime number?
False
Let x be ((-112)/12 + 4)/((-6)/(-2178)). Let q = -785 - x. Is q a prime number?
True
Let m(j) = -18*j**3 - 12*j**2 - 5*j + 11. Let q(c) = 16*c**3 + 10*c**2 + 5*c - 10. Let b(t) = -2*m(t) - 3*q(t). Is b(-3) composite?
False
Let x = -14196 - -14196. Suppose -l + 20650 = 5480. Suppose 4*u - l - 154 = x. Is u composite?
True
Suppose 2*g + 12650 = y, 2*g - 4*g - 25302 = -2*y. Is (-20)/8*y/(-10) a prime number?
True
Suppose -11*v + 17*v = -18. Let l(m) = 2*m + 5. Let r be l(v). Is 59140/15 + 2*r/(-6) a prime number?
True
Let l = -1766209 - -2777797. Suppose -l = -1161*p + 1149*p. Is p a prime number?
True
Let c(v) = 2*v + 21. Let o be c(-7). Suppose 4*h - o - 23 = -2*p, h = -p + 5. Suppose h*m + 154 = 1544. Is m composite?
False
Is 255/153 - ((-2602516)/6)/2 a composite number?
True
Let t be (-5*4/(-50))/(2/(-60)). Let x = t - -4. Let w(n) = 14*n**2 - 9*n + 17. Is w(x) a composite number?
True
Suppose 3*b + 7545 = -2*d, -5*b - 12575 = 90*d - 94*d. Let x(j) = -91*j**2 - 2*j. Let i be x(-4). Let l = i - b. Is l prime?
False
Let u(k) = -k**3 - 18*k**2 + 20*k + 16. Let w be u(-19). Let g be ((-497)/14)/(w/(-168)). Let x = 3063 - g. Is x composite?
False
Suppose 0 = -0*d + d - 3. Suppose 3 = -h - d. Let o(m) = m**3 + 13*m**2 + 8*m - 1. Is o(h) composite?
True
Suppose -4*p = -49*t + 51*t - 128426, 5*p - 192638 = -3*t. Is t prime?
False
Let b(q) = 3856*q + 233. Is b(14) a prime number?
True
Is 462413/6 + (-16 - 1358/(-84)) a prime number?
True
Let z = -158467 + 242478. Is z a composite number?
False
Suppose -3*a - 21 = 5*j + 15, -14 = 4*j - 5*a. Is 21/(-14) + (-1755)/j prime?
False
Suppose 17*y + 68 = -0*y. Let q(k) = -2960*k + 309. Is q(y) a composite number?
False
Is 3/8 + 0 - (-25328372)/2336 a prime number?
False
Let y(j) = 0*j - 2 - 5*j + 0*j + 15. Let o be y(2). Suppose -2*d - 2*q + 353 = -d, o*q + 713 = 2*d. Is d prime?
False
Suppose 0*n + 4*n + 5*s - 41 = 0, 0 = -2*n + 2*s + 16. Suppose -n = y - 7. Is (-1)/(-2) + (-1225)/y a composite number?
False
Let q = 335 + -320. Suppose q*g + 2333 = 16*g. Is g composite?
False
Suppose 112*m - 116*m - 233460 = -877936. Is m prime?
False
Let k = -36 + 28. Let z(d) = 50*d**2 + 24*d + 65. Is z(k) prime?
False
Let w = 5315 + -3124. Let s = w + 14412. Is s composite?
False
Let u(d) = -d**3 + 8*d**2 + 12*d - 22. Let t be u(9). Suppose 5*b = 25, t*b + 6324 = 4*c - 967. Is c a composite number?
True
Let h(y) = -12*y**3 - 7*y**2 - 6*y + 2. Let z be 884/(-234) + (-2)/9. Let i be h(z). Suppose -13*c + 11*c = -i. Is c a composite number?
True
Suppose 5*z = -0*f + 2*f - 266450, 2*f = -3*z - 159854. Let k = -30991 - z. Is k composite?
True
Is (2 - 31)*(-7 - (25 + 9869)) composite?
True
Let u(s) = -8*s**3 + s + 2. Let t be u(-1). Suppose -15540 = 3*a - t*a. Let y = a + -1821. Is y a prime number?
True
Let z = 296834 + -172993. Is z prime?
False
Suppose 39*f = 5238160 + 4272029. Is f a prime number?
True
Let w be (6/9)/(3 - 28/9). Is 4/8*-367*w prime?
False
Suppose -44*k + 5014185 + 666937 = 18*k. Is k prime?
True
Let s(t) = -983*t - 2229. Is s(-20) a prime number?
True
Let p be 304/112 - 2*(-3)/21. Is p/(-12)*-1*14684 prime?
True
Let i(w) = -w**3 + w**2 - 2*w + 18661. Is i(0) composite?
False
Let g